 the highest common factor of h and y.
15
Let r(w) = 7*w**2 + 19*w - 6. Let v be r(-5). What is the highest common divisor of v and 703?
37
Let c = -125 + 239. What is the highest common divisor of c and 1102?
38
Let p(b) = b**2 - 36*b + 51. Let l be p(18). Let y = 339 + l. Calculate the highest common factor of y and 330.
66
Suppose 8*f - 99 + 3 = 0. Suppose -14*o = -f*o - 66. Calculate the greatest common divisor of 22 and o.
11
Suppose 44 = -5*t + 9, 2306 = 2*m - 2*t. What is the greatest common factor of m and 6?
6
Let n = 186 - 181. Suppose 6*g - 492 = 2*g - n*x, -5*x = g - 108. Calculate the highest common divisor of 64 and g.
64
Suppose 5500 + 1124 = 46*w. What is the highest common factor of 198 and w?
18
Suppose 1401 = -99*o + 7750 + 2561. Let b be 2/3 + (-26)/(-6). Let u(q) = 8*q - 4. Let l be u(b). Calculate the greatest common factor of o and l.
18
Suppose 3*l + 70 = 8*l - 4*n, -l - n = -5. Suppose -4*o + 16 + 0 = 0. What is the highest common divisor of l and o?
2
Let s be (-2 - (-1398)/15)/(-3 - 4437/(-1450)). Calculate the greatest common factor of 3230 and s.
190
Let g be (-1 + -45)/(2/3)*7. Let s = g + 613. What is the greatest common factor of 156 and s?
26
Let w = 141 + -64. Let m = w - -12. Let y = m - 47. Calculate the greatest common divisor of y and 105.
21
Let j be 282/(-4) + (10/4)/5. Let a be j/(-2)*6/7. Calculate the greatest common divisor of 10 and a.
10
Let z = 2205 - -9. What is the highest common divisor of 54 and z?
54
Suppose 0 = -26*d - 45299 + 227533. Calculate the highest common divisor of d and 43.
43
Suppose 2*g + 10 = -3*t, -5*t + 75 = -5*g - 0*t. Let h = -9 - g. Suppose -3*c - h = -2*v - 1, -25 = -5*v. What is the highest common factor of c and 3?
3
Let l(b) = -6 - 27*b + 13 - 6. Let j be l(-3). Let y = 100 - j. What is the highest common factor of 90 and y?
18
Let b(x) = -4*x - 24. Let i be b(-10). Let y be i/(-6) - ((-7)/3)/(-7). Let s(u) = -13*u - 13. Let o be s(y). Calculate the highest common factor of o and 52.
26
Let o = -2224 - -2252. Calculate the highest common factor of 2492 and o.
28
Suppose 2 + 91 = -n + 3*a, 0 = n - 5*a + 93. Let o = 397 - 94. Let h = n + o. Calculate the highest common factor of 84 and h.
42
Suppose -5*z = p - 4 - 193, -2*p = -5*z + 206. Suppose m - 3*g = 15, 0*m + 15 = m + g. Calculate the greatest common divisor of z and m.
5
Suppose -5*w - 7*v + 4*v + 31 = 0, 0 = -w + v - 5. Let m be 18 - (1 - (3 - 4)). What is the highest common factor of m and w?
2
Let x be (-2 - -5) + (-6)/3 + 3. Let r be 19 - (-2 + 1 + x). Let v = r - 15. What is the greatest common factor of 1 and v?
1
Suppose -4*n - n = -40. Let t(o) be the first derivative of 35*o**2/2 - 128*o - 52. Let r be t(4). Calculate the greatest common divisor of n and r.
4
Let u = 3705 - 5708. Let d = u - -2960. What is the greatest common factor of d and 29?
29
Suppose -820 = -36*k + 41*k. Let h = -137 - k. Calculate the highest common divisor of 27 and h.
27
Let r be (15 - -3)*2/(-3). Let s(u) = u + 33. Let h be s(r). Let q = 12 + h. What is the highest common factor of 231 and q?
33
Let n(q) = 6*q - 127. Let h be n(22). Suppose -h*s + 9*s - 3*x = 1702, -3*s = 2*x - 1268. What is the greatest common divisor of 16 and s?
8
Let p = 20 + -2. Suppose 0 = 3*w + v - 145, 50*w - 191 = 46*w + v. Calculate the highest common divisor of p and w.
6
Let h = -60 + 63. Suppose -c = -0*c + h*c. Suppose 4*t + 2*w - 204 = c, -1 - 7 = -4*w. What is the highest common factor of 20 and t?
10
Let n(a) = -21*a + 65. Let o be n(3). Suppose -2*y + o*g = -60, -3*g = 5*y - 4*g - 150. Calculate the greatest common factor of y and 60.
30
Suppose d - 5*q + 3*q + 7 = 0, 0 = -d + 4*q - 15. Let w be (-68)/(-4) - -3*(-2 + d). Let n = w - -5. Calculate the highest common divisor of 57 and n.
19
Let t(l) = l**2 - 4*l - 2. Let f be t(5). Let q be ((-7)/14)/(3/(-171 - f)). Calculate the greatest common factor of q and 29.
29
Suppose 283*z = 1008098 + 733484. Calculate the highest common factor of 34 and z.
34
Suppose -24 = 8*l - 56. Let k be l/(1096/(-184) + 6). Calculate the greatest common factor of k and 138.
46
Suppose -48*k = r - 53*k, -5*r = -5*k - 20. Calculate the greatest common divisor of r and 395.
5
Let f be (-3 + 0)/((-1)/2). Suppose 33600 = 493*w - 423*w. What is the highest common factor of f and w?
6
Suppose 0 = 4*a + 3*t + t - 2488, 0 = t - 4. Let w = a + -598. What is the greatest common divisor of w and 820?
20
Let g(z) = -z**2 - 13*z - 15. Let f be g(-10). Suppose -2*v - 53 + f = -p, 0 = -3*p - 4*v + 64. Calculate the greatest common factor of 112 and p.
28
Suppose -8*a = -a - 14. Let n = -4 + a. Let w be 3 - (-9)/((-28)/(-8) + n). Calculate the greatest common factor of 72 and w.
9
Let c = -87 + 87. Suppose c = 2*u - 5*b - 407, 0 = 3*u - 0*b + b - 653. Calculate the highest common divisor of u and 27.
27
Suppose 0 = -4*k - x + 168 + 20, x = -3*k + 140. Suppose 5*o = 28 - 3, -2*j = 4*o - k. Let p be 4/j + 57/21. Calculate the greatest common factor of p and 39.
3
Let s(g) = 63*g**2 + 9*g + 8. Let a be s(-2). Calculate the greatest common divisor of 154 and a.
22
Let f = 56 - -18. Let v be f/6 + (-16)/48. Let u(j) = -j**3 - 6*j**2 + 3*j + 8. Let t be u(-7). Calculate the greatest common divisor of v and t.
12
Suppose 2185 = 4*n - b, 1809 - 719 = 2*n + 2*b. What is the highest common divisor of 16 and n?
2
Let u(w) = w**2 + 81*w + 843. Let t be u(-71). What is the greatest common factor of 56 and t?
7
Let s(o) = 63*o**3 - 30*o**2 + 10*o - 6. Let k be s(-15). Let m be -1*(-6)/8 - k/156. What is the greatest common divisor of m and 88?
88
Let k be -2 + ((-556)/(-3))/(4/(-48)). Let u = -1535 - k. Suppose 0 = -3*x + u + 233. What is the greatest common divisor of 28 and x?
28
Let f be (12/(-8))/(3/(-46)). Let a be (-24)/10 + (-2)/(-5). Let m be ((-4)/2)/a*23. What is the highest common divisor of f and m?
23
Let u = 4878 + -4717. What is the highest common factor of 7 and u?
7
Let v be 4/(-10)*(15 - -35). Let p be (-129)/(-10) + v/(-200). What is the highest common divisor of p and 39?
13
Let s = -46 - -54. Let x = -98 + 66. Let b be 4 - (s + x)*(-5)/(-4). What is the greatest common divisor of b and 119?
17
Let s be 10/(-40) - 109/(-4). Suppose -d + s = -27. Let k be 16/88 + (-889)/(-11). Calculate the greatest common factor of d and k.
27
Suppose -40*v + 37*v = -2*n - 286, -2*v = -n - 191. Calculate the greatest common factor of v and 732.
12
Let s(n) = 83*n + 2551. Let b be s(-21). What is the highest common divisor of b and 1717?
101
Suppose 2*d = 2*c + 30 - 12, 4*c = -20. Suppose -59 = -y - d*t, 4*y - 6*y + 3*t = -107. Calculate the highest common factor of y and 22.
11
Let f(r) = 2*r**2 - 133*r + 1898. Let n be f(48). What is the greatest common factor of 25742 and n?
122
Let k(y) = y**3 + 13*y**2 - 3*y - 17. Let v(c) = c**3 + 2*c**2 - 3*c - 13. Let g be v(0). Let s be k(g). What is the highest common factor of 44 and s?
22
Let h be (-5 - -2 - 855)*546/(-364). What is the greatest common factor of 91 and h?
13
Suppose -3*h - 12 = 0, -3*h - 5291 = -3*r + 3196. Calculate the highest common divisor of 452 and r.
113
Suppose -6*p = -23*p - 8*p + 2425. What is the highest common divisor of 8 and p?
1
Let w be 1/(3 + 2/(-1)). Let u(d) = 3*d**3 - 89*d**2 + 355*d - 52. Let s be u(25). Calculate the highest common divisor of w and s.
1
Suppose -21*v = -28*v. Let t be (v - -41) + 0/(-13). Calculate the greatest common divisor of t and 164.
41
Suppose 5*v + 5 = 249*p - 247*p, -4*p + v = -37. What is the highest common divisor of p and 1195?
5
Let r(i) = 9*i - 10. Suppose 0 = -3*t - 5*h - 27 + 68, 0 = -3*t - h + 37. Let x be r(t). Calculate the greatest common divisor of 28 and x.
14
Suppose 2*w + 2*h = 3842, -4*w = 722*h - 727*h - 7648. Calculate the highest common factor of w and 27.
27
Let u be 76*(-69)/14*((-63)/(-18))/(-1). What is the greatest common factor of u and 345?
69
Let s = -148 + 148. Suppose 2*l = 4*m - s*l - 226, 3*m - 4*l - 182 = 0. What is the greatest common divisor of m and 270?
54
Let i(b) = b**2 - 19*b - 87. Let k be i(-4). Suppose 0 = -3*d - r + 83, k*r - 79 = -4*d + d. Calculate the highest common divisor of 154 and d.
14
Let f = 23 - -77. Suppose 0 = 4*h + 20, -h - 3*h - f = -5*k. Calculate the highest common diviso